, what is 74 + -9?
6b
In base 11, what is -1a - 216?
-235
In base 3, what is 0 + -1111?
-1111
In base 16, what is -4 - -ad?
a9
In base 9, what is 4 + 2114?
2118
In base 11, what is -5 + -9?
-13
In base 8, what is -41 + -6?
-47
In base 16, what is -65 + 12?
-53
In base 13, what is 11 - -71?
82
In base 6, what is 5 - 14?
-5
In base 10, what is 80 - 14?
66
In base 13, what is -2439 + -4?
-2440
In base 4, what is 133031 + 0?
133031
In base 14, what is -27 + 2b?
4
In base 13, what is 5 - -50b?
513
In base 13, what is 610a - -2?
610c
In base 11, what is -685a - -5?
-6855
In base 2, what is -110111 - -1011?
-101100
In base 6, what is -133514 + 3?
-133511
In base 2, what is 0 - -1111?
1111
In base 5, what is 123423 - 3?
123420
In base 16, what is 1af - 7?
1a8
In base 13, what is -15b + -25?
-183
In base 2, what is 10000 - -11100010010?
11100100010
In base 3, what is 1020102 + 11?
1020120
In base 11, what is -1 + -45?
-46
In base 12, what is 63 + 4?
67
In base 16, what is 2 - 44?
-42
In base 2, what is -11110011 + 10000?
-11100011
In base 7, what is -446 - -12?
-434
In base 10, what is 4497 + 5?
4502
In base 10, what is 5 + 50?
55
In base 9, what is 22 - 11?
11
In base 2, what is -1001011010 - -101?
-1001010101
In base 15, what is 676 + 4?
67a
In base 13, what is 30 + -4?
29
In base 11, what is 2 - 2280?
-2279
In base 4, what is 112 + -30?
22
In base 2, what is -10 + -1011110?
-1100000
In base 7, what is 4 - 1115?
-1111
In base 14, what is 8 + -191?
-187
In base 10, what is 5 + 115?
120
In base 14, what is 5 - 5c?
-57
In base 9, what is -3 - 1544?
-1547
In base 2, what is 101 - -10001?
10110
In base 15, what is -2675 + -2?
-2677
In base 12, what is 5 - 2357?
-2352
In base 2, what is 1111 + 10?
10001
In base 5, what is 0 - 33?
-33
In base 13, what is -62 - -83?
21
In base 12, what is 4a - 12?
38
In base 3, what is 2 - -101201?
101210
In base 4, what is -122333 - 10?
-123003
In base 2, what is -1110101010 - -10?
-1110101000
In base 7, what is -241 + -4?
-245
In base 2, what is 101 + -111000?
-110011
In base 13, what is 174 - -b?
182
In base 5, what is 3 - 2020?
-2012
In base 4, what is -32 - -111130?
111032
In base 11, what is -604 + -5?
-609
In base 15, what is 0 - 17?
-17
In base 13, what is 6 + -773?
-76a
In base 12, what is -1663 - 3?
-1666
In base 8, what is -130 - 50?
-200
In base 8, what is 5131 - 0?
5131
In base 14, what is 6 + cb?
d3
In base 11, what is -271 + 5?
-267
In base 5, what is -21 + 2214?
2143
In base 7, what is 3 + -3604?
-3601
In base 10, what is 185 + -12?
173
In base 7, what is 336 - 0?
336
In base 3, what is -20122 + 21?
-20101
In base 5, what is -1 + 3114?
3113
In base 10, what is -121 - 13?
-134
In base 15, what is -2 - -48?
46
In base 12, what is 36 - -103?
139
In base 14, what is -b46 + 3?
-b43
In base 7, what is -4 - 4360?
-4364
In base 15, what is 4 + ac?
b1
In base 10, what is 57 + 6?
63
In base 13, what is -65 - -9?
-59
In base 10, what is -16 + 64?
48
In base 5, what is -34224 - -2?
-34222
In base 2, what is 0 - 110111?
-110111
In base 5, what is 14 + 331?
400
In base 5, what is -2 + -120?
-122
In base 7, what is 4 + -4000?
-3663
In base 2, what is -100 - 1?
-101
In base 11, what is 1 + -8aa?
-8a9
In base 11, what is 39 + -4?
35
In base 7, what is 1251 + -11?
1240
In base 7, what is -10 - 1151?
-1161
In base 4, what is 2 - 3?
-1
In base 5, what is -401 + -122?
-1023
In base 5, what is 2 + -43?
-41
In base 14, what is 2 + -7c?
-7a
In base 11, what is 1 + 61?
62
In base 7, what is -1345 + 0?
-1345
In base 14, what is -4 + 34b?
347
In base 5, what is -32 + 33?
1
In base 14, what is 9d - 2?
9b
In base 15, what is -6be - 4?
-6c3
In base 7, what is 2 + 55?
60
In base 5, what is -1 - -1023?
1022
In base 6, what is 0 + -5132?
-5132
In base 10, what is 0 + 121?
121
In base 3, what is 0 + 1011?
1011
In base 15, what is 4a6 - 0?
4a6
In base 9, what is 325 + 41?
366
In base 13, what is 4 + a29?
a30
In base 5, what is -121 - 4?
-130
In base 4, what is 220231 + 10?
220301
In base 5, what is -11122 + 12?
-11110
In base 13, what is 2c9 + 0?
2c9
In base 12, what is 1b + -5?
16
In base 6, what is 1024 - -1?
1025
In base 10, what is 217 + -4?
213
In base 5, what is 2 + 433?
440
In base 4, what is -11 - -20231?
20220
In base 2, what is -1100 + -1?
-1101
In base 6, what is 12 - 2123?
-2111
In base 4, what is 2 + 23?
31
In base 10, what is 53 - -15?
68
In base 4, what is 12 + 112112?
112130
In base 13, what is 9c + b?
aa
In base 7, what is -24 + 31?
4
In base 7, what is -1135 - 3?
-1141
In base 4, what is -10 - 130?
-200
In base 15, what is -87 - -5?
-82
In base 16, what is -3 + be?
bb
In base 3, what is -10 - 20022220?
-20100000
In base 11, what is 1365 - -4?
1369
In base 7, what is -6 + -340?
-346
In base 10, what is -17 - -1?
-16
In base 8, what is 3 - 2?
1
In base 4, what is 33321 + -23?
33232
In base 2, what is -111 - -11011101010?
11011100011
In base 3, what is -12 - -102222?
102210
In base 4, what is 12 - -1302?
1320
In base 15, what is 33 + a?
3d
In base 12, what is 75 + 8?
81
In base 12, what is 0 + 11a1?
11a1
In base 15, what is 0 + -35a?
-35a
In base 10, what is 8 + -28?
-20
In base 2, what is 11 - 10011010001?
-10011001110
In base 3, what is 210100 + 2021?
212121
In base 5, what is 1230 + 10?
1240
In base 2, what is 1001101 - 0?
1001101
In base 10, what is 323 + 1?
324
In base 5, what is -10 - 10?
-20
In base 12, what is -281 + -2?
-283
In base 10, what is 12 + -5?
7
In base 6, what is 34015 + 1?
34020
In base 8, what is 103 + -6?
75
In base 12, what is 1 + -196a?
-1969
In base 11, what is 78 - 1?
77
In base 4, what is 0 - -1211?
1211
In base 7, what is -5626 + 4?
-5622
In base 7, what is 1 - 224?
-223
In base 6, what is -153 + -33?
-230
In base 3, what is -2110 + -1?
-2111
In base 8, what is 44 - 10?
34
In base 8, what is -6 - -744?
736
In base 14, what is -b - 5?
-12
In base 6, what is 4 + -15254?
-15250
In base 4, what is 13122 - -1?
13123
In base 14, what is -97 + 7?
-90
In base 10, what is 7 - -376?
383
In base 10, what is 16 + 31?
47
In base 2, what is 10001 + 11001?
101010
In base 16, what is -42a - -17?
-413
In base 8, what is 61563 - -5?
61570
In base 2, what is -1100010111100 + 101?
-1100010110111
In base 4, what is 21 - 21?
0
In base 13, what is 1b0 - -5?
1b5
In base 7, what is -1501 - 5?
-1506
In base 14, what is -10d - -2?
-10b
In base 16, what is -f2 + -5?
-f7
In base 16, what is -258 - 5?
-25d
In base 8, what is -12 + 73?
61
In base 2, what is -11111 - 11?
-100010
In base 12, what is 18548 + -5?
18543
In base 4, what is 2 - 23?
-21
In base 9, what is -182 - -4?
-177
In base 15, what is -15 - -47?
32
In base 5, what is -2 - 13011?
-13013
In base 11, what is -3 - -725?
722
In base 16, what is -dd + -4?
-e1
In base 11, what is -87 - -3?
-84
In base 2, what is -110 - 100001101111?
-100001110101
In base 15, what is 13 + -23?
-10
In base 10, what is -430 - -3?
-427
In base 16, what is -3 - 20?
-23
In base 9, what is -6 - -154?
147
In base 6, what is -3 + 42?
35
In base 12, what is -2214 - -4?
-2210
In base 9, what is -3 + -1726?
-1730
In base 16, what is -1 + -bb9?
-bba
In base 11, what is -5 - -40?
36
In base 14, what is 0 + 98?
98
In base 8, what is 20 + -201?
-161
In base 13, what is 48 + 2?
4a
In base 2, what is -10010000111101 - -11?
-10010000111010
In base 11, what is -1492 + -2?
-1494
In base 10, what is 487 - -2?
489
In base 9, what is 1540 - 1?
1538
In base 7, what is -2434 - 4?
-2441
In base 16, what is -5 + 15?
10
In base 14, what is 32c - -3?
331
In base 5, what is -40 - -1431?
1341
In base 8, what is -104 + 3?
-101
In base 3, what is 2202 + -121?
2011
In base 11, what is 5 + -34?
-2a
In base 6, what is -3 - -20330?
20323
In base 11, what is -19 + -2?
-20
In base 6, what is 0 - -2513?
2513
In base 14, what is 0 + 28?
28
In base 10, what is -93 - -2?
-91
In base 3, what is 1221 - 11220?
-2222
In base 14, what is -5 - -32?
2b
In base 12, what is -66 + b?
-57
In base 15, what is 1 + 22?
23
In base 5, what is -20312 + 10?
-20302
In base 13, what is 4 - 490?
-489
In base 8, what is -32 + -10?
-42
In base 6, what is 2 + 2005?
2011
In base 7, what is 16431 - 1?
16430
In base 11, what is 4 - 242?
-239
In base 9, what is 328 - 23?
305
In base 6, what is -3 + 31530?
31523
In base 5, what is 1003 + -1?
1002
In base 5